he ten thousands digit of v(8)?
2
Let o = 908 - 1560. Let h = 1343 + o. What is the units digit of h?
1
Let k(v) = 3339*v + 724. What is the ten thousands digit of k(9)?
3
Let j(k) = -8856*k + 4590. What is the hundreds digit of j(-5)?
8
Let y = 3460 + 9707. What is the tens digit of y?
6
Suppose -3*j + 1434 = u + 2*u, 4*j - 1903 = -u. Suppose z = j - 90. What is the hundreds digit of z?
3
Suppose 29*z - 3*z = -78. Suppose -3*o + 189 = -0*o. What is the units digit of o + 0 - z - -4?
0
Suppose -2*v - 4*o + 1486 = 0, -3*v + o + o = -2245. Let i = 1376 - v. What is the units digit of i?
9
Suppose -324*d + 4897 + 3059 = -311*d. What is the tens digit of d?
1
Let h be 9/1*(-34)/(-51). Suppose q + h*q = 1617. What is the hundreds digit of q?
2
Let v = 50 + 163. Suppose 0 = -2*w + 12 + 280. Let j = v - w. What is the tens digit of j?
6
Suppose 371 = 2*d + 361. Suppose -x = -0*x - d*m - 1840, 3*x = 4*m + 5531. What is the units digit of x?
5
Let v be -1*2*50/20. What is the tens digit of (-2)/((-23)/5 - v) + 441?
3
Let x(u) = u**3. Let q(z) = 85*z**3 + 2*z**2 - z. Let r = -14 - -10. Let y(i) = r*x(i) + q(i). What is the tens digit of y(1)?
8
Let t(x) = -x**3 + 2*x + 4. Let q be t(-3). Suppose 3*d - 1063 = 5*r - r, -5*r = -q. Let k = 520 - d. What is the hundreds digit of k?
1
Let n be 118/3*(-315)/(-70). Suppose -5*r = -a - 574, -n - 402 = -5*r - 4*a. What is the tens digit of r?
1
Let v be (-4)/30 - 6/((-360)/548). Let y = -4 + v. Suppose -y*o + 147 = -2*o. What is the units digit of o?
9
Let k be 1/(6/4038*1)*1. Suppose 4*g - 1779 = -3*j + 998, g - k = -5*j. What is the units digit of g?
8
Suppose 0 = 8*f - 94*f + 1111722. What is the units digit of f?
7
Suppose -2*h - 36 = -0*f - 5*f, 5*f - 60 = 5*h. Let k(m) = -15*m + 15. Let q(t) = -93*t + 97. Let b(g) = 39*k(g) - 6*q(g). What is the hundreds digit of b(h)?
2
Let i be (-3)/4*(-13)/((-234)/(-48)). Suppose -i*h - 2*c + 956 = 0, 3*h - c - 1426 = -0*h. What is the hundreds digit of h?
4
What is the thousands digit of ((-495)/110)/(9/(-17106))?
8
What is the units digit of 4/14 - (-74)/6*62781/119?
7
Suppose -22*n + 19507 = -34943. What is the hundreds digit of n?
4
Let y(v) = 120*v**2 - 274*v + 3. What is the hundreds digit of y(7)?
9
Let r = 90 - 83. Suppose a = r*a - 2094. What is the units digit of a?
9
Suppose -2*v - 183692 = -14*h, -5*h - 2*v - 14315 = -79903. What is the thousands digit of h?
3
Suppose -339*b + 5820 = 3*p - 338*b, b = 4*p - 7767. What is the thousands digit of p?
1
Let o(t) = 8*t - 30. Let l be o(4). Suppose -f - c - 175 = -l*f, -3*f + 543 = 3*c. Let p = f + -118. What is the tens digit of p?
6
What is the tens digit of (-49768)/(-3) + ((-65)/(-117))/(-5)*-6?
9
Let b be (-2)/(-8) + (-23)/(-4). Let w(h) = -272*h**2 + 470*h**2 - 3*h + 18 - 195*h**2. What is the units digit of w(b)?
8
Let q = 2704 + -1476. Suppose -q = 261*d - 263*d. What is the units digit of d?
4
Let t(x) = -9*x**2 - 8*x - 1. Let a be t(-1). Let p(y) = 62*y**2 + 12*y + 14. What is the hundreds digit of p(a)?
2
Suppose l - 4*c + 941 = -c, -3*l - 3*c - 2883 = 0. Let g = 567 - l. What is the hundreds digit of g?
5
Suppose -17 - 23 = -4*o. Let m(s) be the third derivative of s**6/120 - 3*s**5/20 - s**4/4 - 68*s**2. What is the tens digit of m(o)?
4
Suppose -146 = -5*a + 3*z - 6*z, -5*a + 148 = 4*z. Suppose -a*f + 26*f = 254. Let o = f + 226. What is the tens digit of o?
9
Suppose x - 17*c + 21*c - 23738 = 0, 0 = -4*x + 5*c + 95036. What is the units digit of x?
4
Let s = 32 - 28. Suppose 53 = s*g - q, 43 = -2*g + 6*g + q. What is the units digit of (-6)/g*(-85 + (-1 - 0))?
3
Let c = -10 - -3. What is the tens digit of (-201)/(c - (-4 + -2))?
0
Let d(n) = 23*n**3 - 29*n**2 + 13*n + 2. Let z(b) = -8*b**3 + 10*b**2 - 5*b - 1. Let q(t) = -4*d(t) - 11*z(t). What is the tens digit of q(-4)?
4
Let d(c) = 357*c + 819. What is the tens digit of d(0)?
1
Let f = 44 + -40. Suppose -4*a + 351 = 5*y, -5*a = y + f*y - 440. Suppose 0 = 4*t - a - 51. What is the units digit of t?
5
Let h be 4/1 + 0*4/8. Suppose k + h*k - 3*l = -29, 2*l + 2 = -2*k. What is the tens digit of 3 - (-84)/(-2 - k)?
4
Suppose 0 = -274*u + 278*u - 1656. What is the units digit of (u/24*4)/1?
9
Suppose 4*q + 3*r - 14972 = 0, -2862 = 2*q - 5*r - 10374. What is the hundreds digit of q?
7
Suppose 7*k - 1020 = 1486. Let g = k - -254. What is the tens digit of g?
1
Suppose -316 = h - 1267. Suppose 0 = -21*p + 309 + h. What is the units digit of p?
0
Let k = 117 + -16. Suppose -14 = -0*t - t + u, -25 = -2*t + u. Suppose t = 2*d - k. What is the units digit of d?
6
Let g(d) = -2*d**3 - 37*d**2 - 91*d + 478. What is the units digit of g(-27)?
8
Suppose -48*f + 3*f + 1251016 = 47*f. What is the units digit of f?
8
Let h(b) = b**3 - 4*b**2 + 5*b - 1. Let f be h(5). Let t(i) = i**2 - 6*i - 21. Let q be t(9). Let l = q + f. What is the units digit of l?
5
Let u be 4 - (-88 + -4) - (2 - 5). Let j(b) = 2*b. Let c be j(2). Suppose 2*i + r - u = 46, -c*i - 4*r + 292 = 0. What is the tens digit of i?
7
Let x be (-4)/(7/(-70)*5). Suppose -2856 = -x*t + 5336. What is the hundreds digit of t?
0
Suppose 2*h + 3*k - 2 = 0, 2*k + k + 26 = 5*h. Suppose -h*n = 0, -x + 5 = n + 3*n. Suppose x*z + g = 1171, -z - 5*g + 2*g = -237. What is the units digit of z?
4
Let u be 2/(-3)*-4*(-3228)/32. Let z = 664 + u. What is the hundreds digit of z?
3
Let w be (-342)/5 + (-32)/(-80). Let q = w - -70. What is the units digit of 30 + q/(8/20)?
5
Suppose 3*h + 519 = -51. Let p = 578 + h. What is the hundreds digit of p?
3
Let v = -29 - -29. Suppose 3*z - 10 + 4 = v. Suppose -t + 25 = -5*p, 2*t - z - 3 = -5*p. What is the units digit of t?
0
Let m be (12*(-8)/40)/((-6)/20). What is the tens digit of (-3)/(-24) + m + 3838/16?
4
Let v = -75 - 338. Let c = 306 - v. What is the units digit of c?
9
Suppose -54*f = 98*f + 2*f - 941094. What is the units digit of f?
1
Suppose 23*n + 35 = 28*n. Suppose -t + 0*t = -n. Suppose 78 = t*h - 4*h. What is the units digit of h?
6
Let m = 108 - 107. What is the units digit of -2*(-435)/6 + 5/m?
0
Suppose 120*z = 83*z + 856735. What is the hundreds digit of z?
1
Suppose 19450*k + 6262 = 19451*k. What is the hundreds digit of k?
2
Suppose -57 = 6*z + 69. What is the tens digit of (-6)/z + 22962/42?
4
Let z(a) = a**3 + 29*a**2 + 52*a + 56. Let g be z(-28). Let v = -37 - g. What is the units digit of v?
9
Let l = 370 - 372. What is the thousands digit of (6/12)/(l/((-16816)/4))?
1
Let u(k) = -130*k - 97. Let x = -309 + 301. What is the units digit of u(x)?
3
Let o = -59692 + 111899. What is the thousands digit of o?
2
Suppose 35*u = 22*u + 156. Let j = -3 - 1. What is the units digit of (j - 100/(-24))*44*u?
8
Suppose -344 = -u - 3*u. Let o = u - -131. What is the tens digit of o?
1
What is the hundreds digit of (6/(-15))/((-2)/5)*(-5 + 10233)?
2
What is the tens digit of 25584 + (-13)/13*(3 - 6)?
8
Suppose -2*c = 3*j - 22, 5*j - c = 3*c. Suppose j*k + 31 = 3*d, 3*d - 3*k = -0*d + 27. Suppose 3*i - 20 = -i, 5*i + 285 = d*p. What is the units digit of p?
2
Let d(v) = 4*v + v - 3 + 8*v + 15 - v + 9*v**2. What is the units digit of d(-1)?
9
Let p = 35 + -32. Suppose 0 = p*y - 877 - 926. Suppose 3*o = -5*k + y, 0 = k - 4*k - 2*o + 361. What is the tens digit of k?
1
Let i(a) = a**2 - 18*a + 45. Let j be i(21). Let f = j + -49. What is the tens digit of f?
5
Let n(x) = 61*x - 28. Let f be n(16). Suppose -3*o = -5*j - f, 5*o - 4*j = j + 1580. What is the hundreds digit of o?
3
Let w(r) = 31*r + 35*r + 24*r**2 - r**3 + 32 + 3*r. What is the units digit of w(26)?
4
Suppose 907 = -2*l - 5*u, 4*l = -0*u + 5*u - 1769. Let f be 2/1*(l/4 + 1). What is the hundreds digit of 12/(-24)*(f - 1)?
1
Let v(n) = 93*n**2 + 4*n - 3. Let d be ((-3)/(-6))/(1/2). Suppose -2*x + d = -1. What is the units digit of v(x)?
4
Let d(j) = 7*j**3 + 31*j**2 - 8*j + 4. Let v(k) = 4*k**3 + 16*k**2 - 4*k + 3. Let z(g) = 3*d(g) - 5*v(g). What is the tens digit of z(-10)?
3
Suppose 0 = -0*m - 4*m + 344. Let i = 179 - m. What is the units digit of i?
3
Let z = -320 - -691. Let v = -244 + 454. Let p = z - v. What is the units digit of p?
1
Let t be 8664/(-20) - 3/(-15). Let m = 913 + t. Suppose f + 7*f - m = 0. What is the tens digit of f?
6
Let m(x) = -15*x**3 - 9*x**2 - 46*x - 105. What is the units digi